{"id":496,"date":"2022-02-23T15:40:53","date_gmt":"2022-02-23T14:40:53","guid":{"rendered":"https:\/\/www.leseditionssansnom.com\/?page_id=496"},"modified":"2022-03-08T14:36:01","modified_gmt":"2022-03-08T13:36:01","slug":"benedicte-rossignol","status":"publish","type":"page","link":"https:\/\/www.leseditionssansnom.com\/index.php\/auteur-e-s\/benedicte-rossignol\/","title":{"rendered":"b\u00e9n\u00e9dicte rossignol"},"content":{"rendered":"<p>Apr\u00e8s des \u00e9tudes en lettres et th\u00e9\u00e2tre \u00e0 Nantes dans les ann\u00e9es 90, b\u00e9n\u00e9dicte rossignol d\u00e9bute un parcours de com\u00e9dienne au cours duquel elle r\u00e9alise des performances dans les lieux alternatifs qu\u2019elle fr\u00e9quente. Ses envies de d\u00e9couvrir d\u2019autres pratiques de la sc\u00e8ne la conduisent \u00e0 s\u2019installer 10 ans plus tard \u00e0 Toulouse.<\/p>\n<p>Elle se forme aupr\u00e8s du Th\u00e9\u00e2tre\u00b2 l\u2019Acte puis se lance dans la mise en sc\u00e8ne ainsi que la transmission des pratiques th\u00e9\u00e2trales tout en continuant \u00e0 jouer pour diff\u00e9rentes compagnies (sous la direction de Michel Mathieu, Jean-Marc Richon, Marc Fauroux, Marie-Jos\u00e9 Malis, Bernard Guittet, Sarah Cousy, Val\u00e9rie Moyon,\u2026).<\/p>\n<p>Afin de satisfaire son go\u00fbt prononc\u00e9 pour le th\u00e9\u00e2tre exp\u00e9rimental, elle travaille entre autres l\u2019improvisation textuelle de 2003 \u00e0 2007 avec un groupe de recherche en improvisation libre dirig\u00e9 par Bernard Guittet.<\/p>\n<p>B\u00e9n\u00e9dicte rossignol propose quelques ann\u00e9es plus tard ses propres performances th\u00e9\u00e2trales dans lesquelles la parole est improvis\u00e9e (\u00ab Tenue de secours \u00bb et \u00ab Il faut que \u00e7a sorte \u00bb) et commence parall\u00e8lement \u00e0 \u00e9crire pour ses cr\u00e9ations. Elle met \u00e9galement en sc\u00e8ne des lectures ou spectacles.<\/p>\n<p>Actuellement elle performe les textes qu&rsquo;elle \u00e9crit, de fa\u00e7on d\u00e9cal\u00e9e, le plus souvent ailleurs que dans des salles d\u00e9di\u00e9es, avec un public ne sachant pas toujours qu\u2019une performance va avoir lieu ou qu\u2019un texte va \u00eatre prof\u00e9r\u00e9.<\/p>\n","protected":false},"excerpt":{"rendered":"<p>Apr\u00e8s des \u00e9tudes en lettres et th\u00e9\u00e2tre \u00e0 Nantes dans les ann\u00e9es 90, b\u00e9n\u00e9dicte rossignol d\u00e9bute un parcours de com\u00e9dienne au cours duquel elle r\u00e9alise&hellip; <\/p>\n","protected":false},"author":1,"featured_media":0,"parent":148,"menu_order":0,"comment_status":"closed","ping_status":"closed","template":"page-templates\/aboutus-template.php","meta":[],"yoast_head":"<!-- This site is optimized with the Yoast SEO plugin v17.1 - https:\/\/yoast.com\/wordpress\/plugins\/seo\/ -->\n<title>b\u00e9n\u00e9dicte rossignol &bull; Les \u00c9ditions Sans Nom<\/title>\n<meta name=\"description\" content=\"Notre ligne \u00e9ditoriale est volontairement, obstin\u00e9ment, absurdement \u00e9clectique : de la litt\u00e9rature de genre, des essais politiques, de la po\u00e9sie ou encore des r\u00e9cits autobiographiques d\u00e9cal\u00e9s. Vous entrez dans notre maison comme vous rentrez chez votre libraire f\u00e9tiche : vous y trouverez votre bonheur \u00e0 un moment ou \u00e0 un autre.\" \/>\n<meta name=\"robots\" content=\"index, follow, max-snippet:-1, max-image-preview:large, max-video-preview:-1\" \/>\n<link rel=\"canonical\" href=\"https:\/\/www.leseditionssansnom.com\/index.php\/auteur-e-s\/benedicte-rossignol\/\" \/>\n<meta property=\"og:locale\" content=\"fr_FR\" \/>\n<meta property=\"og:type\" content=\"article\" \/>\n<meta property=\"og:title\" content=\"b\u00e9n\u00e9dicte rossignol &bull; Les \u00c9ditions Sans Nom\" \/>\n<meta property=\"og:description\" content=\"Notre ligne \u00e9ditoriale est volontairement, obstin\u00e9ment, absurdement \u00e9clectique : de la litt\u00e9rature de genre, des essais politiques, de la po\u00e9sie ou encore des r\u00e9cits autobiographiques d\u00e9cal\u00e9s. Vous entrez dans notre maison comme vous rentrez chez votre libraire f\u00e9tiche : vous y trouverez votre bonheur \u00e0 un moment ou \u00e0 un autre.\" \/>\n<meta property=\"og:url\" content=\"https:\/\/www.leseditionssansnom.com\/index.php\/auteur-e-s\/benedicte-rossignol\/\" \/>\n<meta property=\"og:site_name\" content=\"Les \u00c9ditions Sans Nom\" \/>\n<meta property=\"article:modified_time\" content=\"2022-03-08T13:36:01+00:00\" \/>\n<meta name=\"twitter:card\" content=\"summary_large_image\" \/>\n<meta name=\"twitter:label1\" content=\"Dur\u00e9e de lecture est.\" \/>\n\t<meta name=\"twitter:data1\" content=\"1 minute\" \/>\n<script type=\"application\/ld+json\" class=\"yoast-schema-graph\">{\"@context\":\"https:\/\/schema.org\",\"@graph\":[{\"@type\":\"WebSite\",\"@id\":\"https:\/\/www.leseditionssansnom.com\/#website\",\"url\":\"https:\/\/www.leseditionssansnom.com\/\",\"name\":\"Les \\u00c9ditions Sans Nom\",\"description\":\"une maison d&#039;\\u00e9dition ind\\u00e9pendante et autog\\u00e9r\\u00e9e, bas\\u00e9e \\u00e0 Toulouse\",\"potentialAction\":[{\"@type\":\"SearchAction\",\"target\":{\"@type\":\"EntryPoint\",\"urlTemplate\":\"https:\/\/www.leseditionssansnom.com\/?s={search_term_string}\"},\"query-input\":\"required name=search_term_string\"}],\"inLanguage\":\"fr-FR\"},{\"@type\":\"WebPage\",\"@id\":\"https:\/\/www.leseditionssansnom.com\/index.php\/auteur-e-s\/benedicte-rossignol\/#webpage\",\"url\":\"https:\/\/www.leseditionssansnom.com\/index.php\/auteur-e-s\/benedicte-rossignol\/\",\"name\":\"b\\u00e9n\\u00e9dicte rossignol &bull; Les \\u00c9ditions Sans Nom\",\"isPartOf\":{\"@id\":\"https:\/\/www.leseditionssansnom.com\/#website\"},\"datePublished\":\"2022-02-23T14:40:53+00:00\",\"dateModified\":\"2022-03-08T13:36:01+00:00\",\"description\":\"Notre ligne \\u00e9ditoriale est volontairement, obstin\\u00e9ment, absurdement \\u00e9clectique : de la litt\\u00e9rature de genre, des essais politiques, de la po\\u00e9sie ou encore des r\\u00e9cits autobiographiques d\\u00e9cal\\u00e9s. Vous entrez dans notre maison comme vous rentrez chez votre libraire f\\u00e9tiche : vous y trouverez votre bonheur \\u00e0 un moment ou \\u00e0 un autre.\",\"breadcrumb\":{\"@id\":\"https:\/\/www.leseditionssansnom.com\/index.php\/auteur-e-s\/benedicte-rossignol\/#breadcrumb\"},\"inLanguage\":\"fr-FR\",\"potentialAction\":[{\"@type\":\"ReadAction\",\"target\":[\"https:\/\/www.leseditionssansnom.com\/index.php\/auteur-e-s\/benedicte-rossignol\/\"]}]},{\"@type\":\"BreadcrumbList\",\"@id\":\"https:\/\/www.leseditionssansnom.com\/index.php\/auteur-e-s\/benedicte-rossignol\/#breadcrumb\",\"itemListElement\":[{\"@type\":\"ListItem\",\"position\":1,\"name\":\"Accueil\",\"item\":\"https:\/\/www.leseditionssansnom.com\/\"},{\"@type\":\"ListItem\",\"position\":2,\"name\":\"Auteur.e.s\",\"item\":\"https:\/\/www.leseditionssansnom.com\/index.php\/auteur-e-s\/\"},{\"@type\":\"ListItem\",\"position\":3,\"name\":\"b\\u00e9n\\u00e9dicte rossignol\"}]}]}<\/script>\n<!-- \/ Yoast SEO plugin. -->","yoast_head_json":{"title":"b\u00e9n\u00e9dicte rossignol &bull; Les \u00c9ditions Sans Nom","description":"Notre ligne \u00e9ditoriale est volontairement, obstin\u00e9ment, absurdement \u00e9clectique : de la litt\u00e9rature de genre, des essais politiques, de la po\u00e9sie ou encore des r\u00e9cits autobiographiques d\u00e9cal\u00e9s. Vous entrez dans notre maison comme vous rentrez chez votre libraire f\u00e9tiche : vous y trouverez votre bonheur \u00e0 un moment ou \u00e0 un autre.","robots":{"index":"index","follow":"follow","max-snippet":"max-snippet:-1","max-image-preview":"max-image-preview:large","max-video-preview":"max-video-preview:-1"},"canonical":"https:\/\/www.leseditionssansnom.com\/index.php\/auteur-e-s\/benedicte-rossignol\/","og_locale":"fr_FR","og_type":"article","og_title":"b\u00e9n\u00e9dicte rossignol &bull; Les \u00c9ditions Sans Nom","og_description":"Notre ligne \u00e9ditoriale est volontairement, obstin\u00e9ment, absurdement \u00e9clectique : de la litt\u00e9rature de genre, des essais politiques, de la po\u00e9sie ou encore des r\u00e9cits autobiographiques d\u00e9cal\u00e9s. Vous entrez dans notre maison comme vous rentrez chez votre libraire f\u00e9tiche : vous y trouverez votre bonheur \u00e0 un moment ou \u00e0 un autre.","og_url":"https:\/\/www.leseditionssansnom.com\/index.php\/auteur-e-s\/benedicte-rossignol\/","og_site_name":"Les \u00c9ditions Sans Nom","article_modified_time":"2022-03-08T13:36:01+00:00","twitter_card":"summary_large_image","twitter_misc":{"Dur\u00e9e de lecture est.":"1 minute"},"schema":{"@context":"https:\/\/schema.org","@graph":[{"@type":"WebSite","@id":"https:\/\/www.leseditionssansnom.com\/#website","url":"https:\/\/www.leseditionssansnom.com\/","name":"Les \u00c9ditions Sans Nom","description":"une maison d&#039;\u00e9dition ind\u00e9pendante et autog\u00e9r\u00e9e, bas\u00e9e \u00e0 Toulouse","potentialAction":[{"@type":"SearchAction","target":{"@type":"EntryPoint","urlTemplate":"https:\/\/www.leseditionssansnom.com\/?s={search_term_string}"},"query-input":"required name=search_term_string"}],"inLanguage":"fr-FR"},{"@type":"WebPage","@id":"https:\/\/www.leseditionssansnom.com\/index.php\/auteur-e-s\/benedicte-rossignol\/#webpage","url":"https:\/\/www.leseditionssansnom.com\/index.php\/auteur-e-s\/benedicte-rossignol\/","name":"b\u00e9n\u00e9dicte rossignol &bull; Les \u00c9ditions Sans Nom","isPartOf":{"@id":"https:\/\/www.leseditionssansnom.com\/#website"},"datePublished":"2022-02-23T14:40:53+00:00","dateModified":"2022-03-08T13:36:01+00:00","description":"Notre ligne \u00e9ditoriale est volontairement, obstin\u00e9ment, absurdement \u00e9clectique : de la litt\u00e9rature de genre, des essais politiques, de la po\u00e9sie ou encore des r\u00e9cits autobiographiques d\u00e9cal\u00e9s. Vous entrez dans notre maison comme vous rentrez chez votre libraire f\u00e9tiche : vous y trouverez votre bonheur \u00e0 un moment ou \u00e0 un autre.","breadcrumb":{"@id":"https:\/\/www.leseditionssansnom.com\/index.php\/auteur-e-s\/benedicte-rossignol\/#breadcrumb"},"inLanguage":"fr-FR","potentialAction":[{"@type":"ReadAction","target":["https:\/\/www.leseditionssansnom.com\/index.php\/auteur-e-s\/benedicte-rossignol\/"]}]},{"@type":"BreadcrumbList","@id":"https:\/\/www.leseditionssansnom.com\/index.php\/auteur-e-s\/benedicte-rossignol\/#breadcrumb","itemListElement":[{"@type":"ListItem","position":1,"name":"Accueil","item":"https:\/\/www.leseditionssansnom.com\/"},{"@type":"ListItem","position":2,"name":"Auteur.e.s","item":"https:\/\/www.leseditionssansnom.com\/index.php\/auteur-e-s\/"},{"@type":"ListItem","position":3,"name":"b\u00e9n\u00e9dicte rossignol"}]}]}},"_links":{"self":[{"href":"https:\/\/www.leseditionssansnom.com\/index.php\/wp-json\/wp\/v2\/pages\/496"}],"collection":[{"href":"https:\/\/www.leseditionssansnom.com\/index.php\/wp-json\/wp\/v2\/pages"}],"about":[{"href":"https:\/\/www.leseditionssansnom.com\/index.php\/wp-json\/wp\/v2\/types\/page"}],"author":[{"embeddable":true,"href":"https:\/\/www.leseditionssansnom.com\/index.php\/wp-json\/wp\/v2\/users\/1"}],"replies":[{"embeddable":true,"href":"https:\/\/www.leseditionssansnom.com\/index.php\/wp-json\/wp\/v2\/comments?post=496"}],"version-history":[{"count":2,"href":"https:\/\/www.leseditionssansnom.com\/index.php\/wp-json\/wp\/v2\/pages\/496\/revisions"}],"predecessor-version":[{"id":535,"href":"https:\/\/www.leseditionssansnom.com\/index.php\/wp-json\/wp\/v2\/pages\/496\/revisions\/535"}],"up":[{"embeddable":true,"href":"https:\/\/www.leseditionssansnom.com\/index.php\/wp-json\/wp\/v2\/pages\/148"}],"wp:attachment":[{"href":"https:\/\/www.leseditionssansnom.com\/index.php\/wp-json\/wp\/v2\/media?parent=496"}],"curies":[{"name":"wp","href":"https:\/\/api.w.org\/{rel}","templated":true}]}}