{"id":314,"date":"2020-03-03T16:17:12","date_gmt":"2020-03-03T15:17:12","guid":{"rendered":"http:\/\/www.leseditionssansnom.com\/?page_id=314"},"modified":"2020-03-03T16:17:12","modified_gmt":"2020-03-03T15:17:12","slug":"actualites","status":"publish","type":"page","link":"https:\/\/www.leseditionssansnom.com\/index.php\/actualites\/","title":{"rendered":"ACTUALIT\u00c9S"},"content":{"rendered":"<div id=\"fb-root\"><\/div>\n<p><script async defer crossorigin=\"anonymous\" src=\"https:\/\/connect.facebook.net\/fr_FR\/sdk.js#xfbml=1&#038;version=v6.0\"><\/script><\/p>\n<div class=\"fb-page\" data-href=\"https:\/\/www.facebook.com\/leseditionssansnom\/\" data-tabs=\"timeline\" data-width=\"700\" data-height=\"\" data-small-header=\"false\" data-adapt-container-width=\"true\" data-hide-cover=\"false\" data-show-facepile=\"true\">\n<blockquote cite=\"https:\/\/www.facebook.com\/leseditionssansnom\/\" class=\"fb-xfbml-parse-ignore\"><p><a href=\"https:\/\/www.facebook.com\/leseditionssansnom\/\">Les Editions Sans Nom<\/a><\/p><\/blockquote>\n<\/div>\n","protected":false},"excerpt":{"rendered":"<p>Les Editions Sans Nom<\/p>\n","protected":false},"author":1,"featured_media":0,"parent":0,"menu_order":0,"comment_status":"closed","ping_status":"closed","template":"page-templates\/aboutus-template.php","meta":[],"yoast_head":"<!-- This site is optimized with the Yoast SEO plugin v17.1 - https:\/\/yoast.com\/wordpress\/plugins\/seo\/ -->\n<title>ACTUALIT\u00c9S &bull; Les \u00c9ditions Sans Nom<\/title>\n<meta name=\"description\" content=\"Notre ligne \u00e9ditoriale est volontairement, obstin\u00e9ment, absurdement \u00e9clectique : de la litt\u00e9rature de genre, des essais politiques, de la po\u00e9sie ou encore des r\u00e9cits autobiographiques d\u00e9cal\u00e9s. Vous entrez dans notre maison comme vous rentrez chez votre libraire f\u00e9tiche : vous y trouverez votre bonheur \u00e0 un moment ou \u00e0 un autre.\" \/>\n<meta name=\"robots\" content=\"index, follow, max-snippet:-1, max-image-preview:large, max-video-preview:-1\" \/>\n<link rel=\"canonical\" href=\"https:\/\/www.leseditionssansnom.com\/index.php\/actualites\/\" \/>\n<meta property=\"og:locale\" content=\"fr_FR\" \/>\n<meta property=\"og:type\" content=\"article\" \/>\n<meta property=\"og:title\" content=\"ACTUALIT\u00c9S &bull; Les \u00c9ditions Sans Nom\" \/>\n<meta property=\"og:description\" content=\"Notre ligne \u00e9ditoriale est volontairement, obstin\u00e9ment, absurdement \u00e9clectique : de la litt\u00e9rature de genre, des essais politiques, de la po\u00e9sie ou encore des r\u00e9cits autobiographiques d\u00e9cal\u00e9s. Vous entrez dans notre maison comme vous rentrez chez votre libraire f\u00e9tiche : vous y trouverez votre bonheur \u00e0 un moment ou \u00e0 un autre.\" \/>\n<meta property=\"og:url\" content=\"https:\/\/www.leseditionssansnom.com\/index.php\/actualites\/\" \/>\n<meta property=\"og:site_name\" content=\"Les \u00c9ditions Sans Nom\" \/>\n<meta name=\"twitter:card\" content=\"summary_large_image\" \/>\n<script type=\"application\/ld+json\" class=\"yoast-schema-graph\">{\"@context\":\"https:\/\/schema.org\",\"@graph\":[{\"@type\":\"WebSite\",\"@id\":\"https:\/\/www.leseditionssansnom.com\/#website\",\"url\":\"https:\/\/www.leseditionssansnom.com\/\",\"name\":\"Les \\u00c9ditions Sans Nom\",\"description\":\"une maison d&#039;\\u00e9dition ind\\u00e9pendante et autog\\u00e9r\\u00e9e, bas\\u00e9e \\u00e0 Toulouse\",\"potentialAction\":[{\"@type\":\"SearchAction\",\"target\":{\"@type\":\"EntryPoint\",\"urlTemplate\":\"https:\/\/www.leseditionssansnom.com\/?s={search_term_string}\"},\"query-input\":\"required name=search_term_string\"}],\"inLanguage\":\"fr-FR\"},{\"@type\":\"WebPage\",\"@id\":\"https:\/\/www.leseditionssansnom.com\/index.php\/actualites\/#webpage\",\"url\":\"https:\/\/www.leseditionssansnom.com\/index.php\/actualites\/\",\"name\":\"ACTUALIT\\u00c9S &bull; Les \\u00c9ditions Sans Nom\",\"isPartOf\":{\"@id\":\"https:\/\/www.leseditionssansnom.com\/#website\"},\"datePublished\":\"2020-03-03T15:17:12+00:00\",\"dateModified\":\"2020-03-03T15:17:12+00:00\",\"description\":\"Notre ligne \\u00e9ditoriale est volontairement, obstin\\u00e9ment, absurdement \\u00e9clectique : de la litt\\u00e9rature de genre, des essais politiques, de la po\\u00e9sie ou encore des r\\u00e9cits autobiographiques d\\u00e9cal\\u00e9s. Vous entrez dans notre maison comme vous rentrez chez votre libraire f\\u00e9tiche : vous y trouverez votre bonheur \\u00e0 un moment ou \\u00e0 un autre.\",\"breadcrumb\":{\"@id\":\"https:\/\/www.leseditionssansnom.com\/index.php\/actualites\/#breadcrumb\"},\"inLanguage\":\"fr-FR\",\"potentialAction\":[{\"@type\":\"ReadAction\",\"target\":[\"https:\/\/www.leseditionssansnom.com\/index.php\/actualites\/\"]}]},{\"@type\":\"BreadcrumbList\",\"@id\":\"https:\/\/www.leseditionssansnom.com\/index.php\/actualites\/#breadcrumb\",\"itemListElement\":[{\"@type\":\"ListItem\",\"position\":1,\"name\":\"Accueil\",\"item\":\"https:\/\/www.leseditionssansnom.com\/\"},{\"@type\":\"ListItem\",\"position\":2,\"name\":\"ACTUALIT\\u00c9S\"}]}]}<\/script>\n<!-- \/ Yoast SEO plugin. -->","yoast_head_json":{"title":"ACTUALIT\u00c9S &bull; Les \u00c9ditions Sans Nom","description":"Notre ligne \u00e9ditoriale est volontairement, obstin\u00e9ment, absurdement \u00e9clectique : de la litt\u00e9rature de genre, des essais politiques, de la po\u00e9sie ou encore des r\u00e9cits autobiographiques d\u00e9cal\u00e9s. Vous entrez dans notre maison comme vous rentrez chez votre libraire f\u00e9tiche : vous y trouverez votre bonheur \u00e0 un moment ou \u00e0 un autre.","robots":{"index":"index","follow":"follow","max-snippet":"max-snippet:-1","max-image-preview":"max-image-preview:large","max-video-preview":"max-video-preview:-1"},"canonical":"https:\/\/www.leseditionssansnom.com\/index.php\/actualites\/","og_locale":"fr_FR","og_type":"article","og_title":"ACTUALIT\u00c9S &bull; Les \u00c9ditions Sans Nom","og_description":"Notre ligne \u00e9ditoriale est volontairement, obstin\u00e9ment, absurdement \u00e9clectique : de la litt\u00e9rature de genre, des essais politiques, de la po\u00e9sie ou encore des r\u00e9cits autobiographiques d\u00e9cal\u00e9s. Vous entrez dans notre maison comme vous rentrez chez votre libraire f\u00e9tiche : vous y trouverez votre bonheur \u00e0 un moment ou \u00e0 un autre.","og_url":"https:\/\/www.leseditionssansnom.com\/index.php\/actualites\/","og_site_name":"Les \u00c9ditions Sans Nom","twitter_card":"summary_large_image","schema":{"@context":"https:\/\/schema.org","@graph":[{"@type":"WebSite","@id":"https:\/\/www.leseditionssansnom.com\/#website","url":"https:\/\/www.leseditionssansnom.com\/","name":"Les \u00c9ditions Sans Nom","description":"une maison d&#039;\u00e9dition ind\u00e9pendante et autog\u00e9r\u00e9e, bas\u00e9e \u00e0 Toulouse","potentialAction":[{"@type":"SearchAction","target":{"@type":"EntryPoint","urlTemplate":"https:\/\/www.leseditionssansnom.com\/?s={search_term_string}"},"query-input":"required name=search_term_string"}],"inLanguage":"fr-FR"},{"@type":"WebPage","@id":"https:\/\/www.leseditionssansnom.com\/index.php\/actualites\/#webpage","url":"https:\/\/www.leseditionssansnom.com\/index.php\/actualites\/","name":"ACTUALIT\u00c9S &bull; Les \u00c9ditions Sans Nom","isPartOf":{"@id":"https:\/\/www.leseditionssansnom.com\/#website"},"datePublished":"2020-03-03T15:17:12+00:00","dateModified":"2020-03-03T15:17:12+00:00","description":"Notre ligne \u00e9ditoriale est volontairement, obstin\u00e9ment, absurdement \u00e9clectique : de la litt\u00e9rature de genre, des essais politiques, de la po\u00e9sie ou encore des r\u00e9cits autobiographiques d\u00e9cal\u00e9s. Vous entrez dans notre maison comme vous rentrez chez votre libraire f\u00e9tiche : vous y trouverez votre bonheur \u00e0 un moment ou \u00e0 un autre.","breadcrumb":{"@id":"https:\/\/www.leseditionssansnom.com\/index.php\/actualites\/#breadcrumb"},"inLanguage":"fr-FR","potentialAction":[{"@type":"ReadAction","target":["https:\/\/www.leseditionssansnom.com\/index.php\/actualites\/"]}]},{"@type":"BreadcrumbList","@id":"https:\/\/www.leseditionssansnom.com\/index.php\/actualites\/#breadcrumb","itemListElement":[{"@type":"ListItem","position":1,"name":"Accueil","item":"https:\/\/www.leseditionssansnom.com\/"},{"@type":"ListItem","position":2,"name":"ACTUALIT\u00c9S"}]}]}},"_links":{"self":[{"href":"https:\/\/www.leseditionssansnom.com\/index.php\/wp-json\/wp\/v2\/pages\/314"}],"collection":[{"href":"https:\/\/www.leseditionssansnom.com\/index.php\/wp-json\/wp\/v2\/pages"}],"about":[{"href":"https:\/\/www.leseditionssansnom.com\/index.php\/wp-json\/wp\/v2\/types\/page"}],"author":[{"embeddable":true,"href":"https:\/\/www.leseditionssansnom.com\/index.php\/wp-json\/wp\/v2\/users\/1"}],"replies":[{"embeddable":true,"href":"https:\/\/www.leseditionssansnom.com\/index.php\/wp-json\/wp\/v2\/comments?post=314"}],"version-history":[{"count":3,"href":"https:\/\/www.leseditionssansnom.com\/index.php\/wp-json\/wp\/v2\/pages\/314\/revisions"}],"predecessor-version":[{"id":317,"href":"https:\/\/www.leseditionssansnom.com\/index.php\/wp-json\/wp\/v2\/pages\/314\/revisions\/317"}],"wp:attachment":[{"href":"https:\/\/www.leseditionssansnom.com\/index.php\/wp-json\/wp\/v2\/media?parent=314"}],"curies":[{"name":"wp","href":"https:\/\/api.w.org\/{rel}","templated":true}]}}