{"id":210,"date":"2018-09-03T11:59:02","date_gmt":"2018-09-03T09:59:02","guid":{"rendered":"http:\/\/www.leseditionssansnom.com\/?page_id=210"},"modified":"2026-01-21T22:42:36","modified_gmt":"2026-01-21T21:42:36","slug":"commandez","status":"publish","type":"page","link":"https:\/\/www.leseditionssansnom.com\/index.php\/commandez\/","title":{"rendered":"Commandez"},"content":{"rendered":"\n<h4>Retrouvez nos livres chez les libraires suivants :<\/h4>\n\n\n\n<p><strong>Occitanie<\/strong><\/p>\n\n\n\n<p><a href=\"http:\/\/librairie-floury.fr\/\" target=\"_blank\" rel=\"noreferrer noopener\">Floury Fr\u00e8res<\/a> &#8211; 36, rue de la Colombette, Toulouse<\/p>\n\n\n\n<p><a href=\"https:\/\/www.librairie-terranova.fr\/\" target=\"_blank\" rel=\"noreferrer noopener\">Terra Nova<\/a> &#8211; 18, rue Gambetta, Toulouse<\/p>\n\n\n\n<p><a href=\"https:\/\/www.autre-rive.com\/\" target=\"_blank\" rel=\"noreferrer noopener\">L&rsquo;Autre rive<\/a> &#8211; 24, avenue \u00c9tienne Billi\u00e8res, Toulouse<\/p>\n\n\n\n<p><a href=\"https:\/\/infokiosques.net\/kioskarnaudben\" target=\"_blank\" rel=\"noreferrer noopener\">Le Kiosk de Toulouse<\/a> &#8211; La Chapelle &#8211; 36, rue Danielle Casanova, Toulouse<\/p>\n\n\n\n<p><a href=\"https:\/\/www.facebook.com\/librairielechameausauvage\/\" target=\"_blank\" rel=\"noreferrer noopener\">Librairie caf\u00e9 Le Chameau sauvage<\/a> &#8211; 43, avenue des \u00c9tats Unis, Toulouse<\/p>\n\n\n\n<p><a href=\"http:\/\/www.bedecine.fr\/le-rayon-litteratures-imaginaire\/\" target=\"_blank\" rel=\"noreferrer noopener\">Librairie B\u00e9d\u00e9cin\u00e9<\/a> &#8211; 7, rue Romigui\u00e8res, Toulouse<\/p>\n\n\n\n<p><a href=\"https:\/\/www.ombres-blanches.fr\/\" target=\"_blank\" rel=\"noreferrer noopener\">Librairie Ombres Blanches<\/a> &#8211; 50, rue Gambetta, Toulouse<\/p>\n\n\n\n<p><a href=\"https:\/\/www.paysages-humains.fr\/\" target=\"_blank\" rel=\"noreferrer noopener\">Librairie Paysages Humains<\/a> &#8211; 54, rue du Faubourg Bonnefoy, 31500 Toulouse<\/p>\n\n\n\n<p><a href=\"https:\/\/lalibrairietoulouse.com\/\" target=\"_blank\" rel=\"noreferrer noopener\">Librairie \u00ab&nbsp;La Librairie&nbsp;\u00bb<\/a> &#8211; 9, Rue Alexandre Falgui\u00e8re, Toulouse<\/p>\n\n\n\n<p><a href=\"https:\/\/www.lires.org\/\" target=\"_blank\" rel=\"noreferrer noopener\">Librairie-Tartinerie Des livres et Vous<\/a> &#8211; Place du village, Sarrant, Gers<\/p>\n\n\n\n<p><a href=\"https:\/\/la-confiserie.fr\/\" target=\"_blank\" rel=\"noreferrer noopener\">Librairie La Confiserie<\/a> &#8211; 12, rue du pont del pa, Rabastens<\/p>\n\n\n\n<p><a href=\"https:\/\/lespetitspapiers.org\/\" target=\"_blank\" rel=\"noreferrer noopener\">Librairie Les Petits Papiers<\/a> &#8211; 22, rue Dessoles, Auch<\/p>\n\n\n\n<p><strong>\u00cele-de-France<\/strong><\/p>\n\n\n\n<p><a href=\"https:\/\/www.millepages.fr\/\" target=\"_blank\" rel=\"noreferrer noopener\">Librairie Millepages<\/a> &#8211; 91, rue de Fontenay, Vincennes<\/p>\n\n\n\n<p><a href=\"http:\/\/www.librairielamandier.fr\/\" target=\"_blank\" rel=\"noreferrer noopener\">Librairie L&rsquo;Amandier<\/a> &#8211; 45, boulevard Richard Wallace, Puteaux<\/p>\n\n\n\n<p><a href=\"https:\/\/www.librairie-publico.com\/\" target=\"_blank\" rel=\"noreferrer noopener\">Librairie Publico<\/a> \u2013 145, rue Amelot, Paris<\/p>\n\n\n\n<p><strong>Bretagne<\/strong><\/p>\n\n\n\n<p><a href=\"https:\/\/www.facebook.com\/les.metamorphoses.dz\/\" target=\"_blank\" rel=\"noreferrer noopener\">Librairie Les M\u00e9tamorphoses<\/a> &#8211; 17, rue Voltaire, Douarnenez<\/p>\n\n\n\n<p><a href=\"https:\/\/librairiedelanglerouge.com\" target=\"_blank\" rel=\"noreferrer noopener\">Librairie L&rsquo;angle rouge<\/a> &#8211; 9, rue de l&rsquo;H\u00f4pital, Douarnenez<\/p>\n\n\n\n<div style=\"height:100px\" aria-hidden=\"true\" class=\"wp-block-spacer\"><\/div>\n\n\n\n<h4>Pour commander nos livres<\/h4>\n\n\n\n<p>Libraires, biblioth\u00e9caires, lectrices et lecteurs, vous d\u00e9sirez commander nos livres ? Rien de plus simple, il suffit de renseigner le formulaire de contact ci-dessous, HelloAsso nous \u00e9paule dans le paiement s\u00e9curis\u00e9.<\/p>\n\n\n\n<p>Les tarifs comprennent l&rsquo;envoi en France (qui a s\u00e9rieusement augment\u00e9 !).<br>Pour les envois \u00e0 l&rsquo;\u00e9tranger, n&rsquo;h\u00e9sitez pas \u00e0 nous contacter, c&rsquo;est presque donn\u00e9\u2026<\/p>\n\n\n\n<iframe id=\"haWidget\" allowtransparency=\"true\" scrolling=\"auto\" src=\"https:\/\/www.helloasso.com\/associations\/les-editions-sans-nom\/evenements\/livres-en-vente\/widget\" style=\"width: 100%; height: 750px; border: none;\" onload=\"window.scroll(0, this.offsetTop)\"><\/iframe>\n","protected":false},"excerpt":{"rendered":"<p>Retrouvez nos livres chez les libraires suivants : Occitanie Floury Fr\u00e8res &#8211; 36, rue de la Colombette, Toulouse Terra Nova &#8211; 18, rue Gambetta, Toulouse&hellip; <\/p>\n","protected":false},"author":1,"featured_media":0,"parent":0,"menu_order":0,"comment_status":"closed","ping_status":"closed","template":"page-templates\/aboutus-template.php","meta":[],"yoast_head":"<!-- This site is optimized with the Yoast SEO plugin v17.1 - https:\/\/yoast.com\/wordpress\/plugins\/seo\/ -->\n<title>Commandez &bull; Les \u00c9ditions Sans Nom<\/title>\n<meta name=\"description\" content=\"Venez commander nos livres directement via HelloAsso.\" \/>\n<meta name=\"robots\" content=\"index, follow, max-snippet:-1, max-image-preview:large, max-video-preview:-1\" \/>\n<link rel=\"canonical\" href=\"https:\/\/www.leseditionssansnom.com\/index.php\/commandez\/\" \/>\n<meta property=\"og:locale\" content=\"fr_FR\" \/>\n<meta property=\"og:type\" content=\"article\" \/>\n<meta property=\"og:title\" content=\"Commandez &bull; Les \u00c9ditions Sans Nom\" \/>\n<meta property=\"og:description\" content=\"Venez commander nos livres directement via HelloAsso.\" \/>\n<meta property=\"og:url\" content=\"https:\/\/www.leseditionssansnom.com\/index.php\/commandez\/\" \/>\n<meta property=\"og:site_name\" content=\"Les \u00c9ditions Sans Nom\" \/>\n<meta property=\"article:modified_time\" content=\"2026-01-21T21:42:36+00:00\" \/>\n<meta name=\"twitter:card\" content=\"summary_large_image\" \/>\n<meta name=\"twitter:label1\" content=\"Dur\u00e9e de lecture est.\" \/>\n\t<meta name=\"twitter:data1\" content=\"1 minute\" \/>\n<script type=\"application\/ld+json\" class=\"yoast-schema-graph\">{\"@context\":\"https:\/\/schema.org\",\"@graph\":[{\"@type\":\"WebSite\",\"@id\":\"https:\/\/www.leseditionssansnom.com\/#website\",\"url\":\"https:\/\/www.leseditionssansnom.com\/\",\"name\":\"Les \\u00c9ditions Sans Nom\",\"description\":\"une maison d&#039;\\u00e9dition ind\\u00e9pendante et autog\\u00e9r\\u00e9e, bas\\u00e9e \\u00e0 Toulouse\",\"potentialAction\":[{\"@type\":\"SearchAction\",\"target\":{\"@type\":\"EntryPoint\",\"urlTemplate\":\"https:\/\/www.leseditionssansnom.com\/?s={search_term_string}\"},\"query-input\":\"required name=search_term_string\"}],\"inLanguage\":\"fr-FR\"},{\"@type\":\"WebPage\",\"@id\":\"https:\/\/www.leseditionssansnom.com\/index.php\/commandez\/#webpage\",\"url\":\"https:\/\/www.leseditionssansnom.com\/index.php\/commandez\/\",\"name\":\"Commandez &bull; Les \\u00c9ditions Sans Nom\",\"isPartOf\":{\"@id\":\"https:\/\/www.leseditionssansnom.com\/#website\"},\"datePublished\":\"2018-09-03T09:59:02+00:00\",\"dateModified\":\"2026-01-21T21:42:36+00:00\",\"description\":\"Venez commander nos livres directement via HelloAsso.\",\"breadcrumb\":{\"@id\":\"https:\/\/www.leseditionssansnom.com\/index.php\/commandez\/#breadcrumb\"},\"inLanguage\":\"fr-FR\",\"potentialAction\":[{\"@type\":\"ReadAction\",\"target\":[\"https:\/\/www.leseditionssansnom.com\/index.php\/commandez\/\"]}]},{\"@type\":\"BreadcrumbList\",\"@id\":\"https:\/\/www.leseditionssansnom.com\/index.php\/commandez\/#breadcrumb\",\"itemListElement\":[{\"@type\":\"ListItem\",\"position\":1,\"name\":\"Accueil\",\"item\":\"https:\/\/www.leseditionssansnom.com\/\"},{\"@type\":\"ListItem\",\"position\":2,\"name\":\"Commandez\"}]}]}<\/script>\n<!-- \/ Yoast SEO plugin. -->","yoast_head_json":{"title":"Commandez &bull; Les \u00c9ditions Sans Nom","description":"Venez commander nos livres directement via HelloAsso.","robots":{"index":"index","follow":"follow","max-snippet":"max-snippet:-1","max-image-preview":"max-image-preview:large","max-video-preview":"max-video-preview:-1"},"canonical":"https:\/\/www.leseditionssansnom.com\/index.php\/commandez\/","og_locale":"fr_FR","og_type":"article","og_title":"Commandez &bull; Les \u00c9ditions Sans Nom","og_description":"Venez commander nos livres directement via HelloAsso.","og_url":"https:\/\/www.leseditionssansnom.com\/index.php\/commandez\/","og_site_name":"Les \u00c9ditions Sans Nom","article_modified_time":"2026-01-21T21:42:36+00:00","twitter_card":"summary_large_image","twitter_misc":{"Dur\u00e9e de lecture est.":"1 minute"},"schema":{"@context":"https:\/\/schema.org","@graph":[{"@type":"WebSite","@id":"https:\/\/www.leseditionssansnom.com\/#website","url":"https:\/\/www.leseditionssansnom.com\/","name":"Les \u00c9ditions Sans Nom","description":"une maison d&#039;\u00e9dition ind\u00e9pendante et autog\u00e9r\u00e9e, bas\u00e9e \u00e0 Toulouse","potentialAction":[{"@type":"SearchAction","target":{"@type":"EntryPoint","urlTemplate":"https:\/\/www.leseditionssansnom.com\/?s={search_term_string}"},"query-input":"required name=search_term_string"}],"inLanguage":"fr-FR"},{"@type":"WebPage","@id":"https:\/\/www.leseditionssansnom.com\/index.php\/commandez\/#webpage","url":"https:\/\/www.leseditionssansnom.com\/index.php\/commandez\/","name":"Commandez &bull; Les \u00c9ditions Sans Nom","isPartOf":{"@id":"https:\/\/www.leseditionssansnom.com\/#website"},"datePublished":"2018-09-03T09:59:02+00:00","dateModified":"2026-01-21T21:42:36+00:00","description":"Venez commander nos livres directement via HelloAsso.","breadcrumb":{"@id":"https:\/\/www.leseditionssansnom.com\/index.php\/commandez\/#breadcrumb"},"inLanguage":"fr-FR","potentialAction":[{"@type":"ReadAction","target":["https:\/\/www.leseditionssansnom.com\/index.php\/commandez\/"]}]},{"@type":"BreadcrumbList","@id":"https:\/\/www.leseditionssansnom.com\/index.php\/commandez\/#breadcrumb","itemListElement":[{"@type":"ListItem","position":1,"name":"Accueil","item":"https:\/\/www.leseditionssansnom.com\/"},{"@type":"ListItem","position":2,"name":"Commandez"}]}]}},"_links":{"self":[{"href":"https:\/\/www.leseditionssansnom.com\/index.php\/wp-json\/wp\/v2\/pages\/210"}],"collection":[{"href":"https:\/\/www.leseditionssansnom.com\/index.php\/wp-json\/wp\/v2\/pages"}],"about":[{"href":"https:\/\/www.leseditionssansnom.com\/index.php\/wp-json\/wp\/v2\/types\/page"}],"author":[{"embeddable":true,"href":"https:\/\/www.leseditionssansnom.com\/index.php\/wp-json\/wp\/v2\/users\/1"}],"replies":[{"embeddable":true,"href":"https:\/\/www.leseditionssansnom.com\/index.php\/wp-json\/wp\/v2\/comments?post=210"}],"version-history":[{"count":31,"href":"https:\/\/www.leseditionssansnom.com\/index.php\/wp-json\/wp\/v2\/pages\/210\/revisions"}],"predecessor-version":[{"id":652,"href":"https:\/\/www.leseditionssansnom.com\/index.php\/wp-json\/wp\/v2\/pages\/210\/revisions\/652"}],"wp:attachment":[{"href":"https:\/\/www.leseditionssansnom.com\/index.php\/wp-json\/wp\/v2\/media?parent=210"}],"curies":[{"name":"wp","href":"https:\/\/api.w.org\/{rel}","templated":true}]}}